) in base 12?
-8
What is 2 (base 16) in base 13?
2
What is 2 (base 16) in base 9?
2
What is 0 (base 16) in base 7?
0
Convert 13 (base 16) to base 6.
31
29 (base 11) to base 15
21
-22 (base 15) to base 9
-35
-a (base 11) to base 8
-12
2 (base 9) to base 12
2
1121 (base 3) to base 15
2d
-252 (base 8) to base 4
-2222
Convert -3 (base 6) to base 15.
-3
-69 (base 12) to base 14
-5b
-9 (base 13) to base 4
-21
2 (base 11) to base 3
2
Convert 0 (base 2) to base 11.
0
88 (base 14) to base 8
170
Convert -3d (base 16) to base 10.
-61
Convert 4 (base 8) to base 15.
4
Convert 211 (base 10) to base 4.
3103
15 (base 7) to base 14
c
1 (base 2) to base 8
1
-2 (base 14) to base 7
-2
11 (base 4) to base 14
5
Convert 12 (base 8) to base 6.
14
4 (base 9) to base 6
4
26 (base 15) to base 14
28
Convert 25 (base 15) to base 4.
203
What is 104 (base 7) in base 2?
110101
Convert -1 (base 15) to base 12.
-1
-211 (base 10) to base 11
-182
What is 152 (base 6) in base 15?
48
Convert -6 (base 8) to base 2.
-110
What is 22 (base 3) in base 15?
8
Convert 3 (base 4) to base 13.
3
What is -15 (base 10) in base 8?
-17
What is 61 (base 9) in base 2?
110111
-86 (base 9) to base 16
-4e
-10 (base 14) to base 6
-22
Convert 70 (base 15) to base 3.
10220
Convert 10 (base 12) to base 8.
14
1010 (base 4) to base 11
62
Convert -2 (base 13) to base 3.
-2
Convert -90 (base 13) to base 3.
-11100
What is 4 (base 5) in base 7?
4
1 (base 14) to base 6
1
Convert 96 (base 16) to base 5.
1100
Convert 4 (base 7) to base 4.
10
What is 1 (base 16) in base 2?
1
Convert 6a (base 12) to base 13.
64
What is 1230 (base 4) in base 7?
213
Convert -3 (base 14) to base 13.
-3
0 (base 10) to base 4
0
-111 (base 13) to base 2
-10110111
-22 (base 12) to base 7
-35
What is -2 (base 10) in base 7?
-2
20 (base 7) to base 4
32
What is 1 (base 15) in base 10?
1
Convert 31 (base 13) to base 4.
220
Convert -5c (base 15) to base 7.
-153
What is -9 (base 14) in base 6?
-13
What is -18 (base 13) in base 11?
-1a
What is 11 (base 12) in base 11?
12
Convert 245 (base 7) to base 6.
335
Convert -34 (base 8) to base 15.
-1d
What is 0 (base 9) in base 15?
0
What is -11010 (base 3) in base 13?
-87
What is -e6 (base 15) in base 5?
-1331
-3 (base 13) to base 5
-3
Convert -5 (base 13) to base 14.
-5
What is -22 (base 12) in base 6?
-42
1 (base 16) to base 9
1
14 (base 12) to base 7
22
5 (base 7) to base 3
12
Convert -101110 (base 2) to base 14.
-34
What is -1121 (base 4) in base 15?
-5e
-2 (base 16) to base 8
-2
What is -266 (base 11) in base 5?
-2224
What is -9 (base 14) in base 9?
-10
What is -44 (base 7) in base 15?
-22
Convert 24 (base 8) to base 16.
14
What is 0 (base 5) in base 4?
0
What is 13 (base 16) in base 10?
19
Convert -8 (base 14) to base 4.
-20
-11 (base 5) to base 14
-6
1 (base 9) to base 16
1
What is -32 (base 9) in base 11?
-27
What is -102 (base 3) in base 15?
-b
2 (base 14) to base 6
2
What is -8 (base 12) in base 4?
-20
-2 (base 8) to base 5
-2
-68 (base 14) to base 4
-1130
4 (base 8) to base 15
4
110 (base 3) to base 14
c
Convert -14 (base 8) to base 9.
-13
Convert 21 (base 8) to base 16.
11
Convert 10 (base 2) to base 4.
2
What is 2 (base 4) in base 16?
2
What is 33 (base 16) in base 9?
56
81 (base 9) to base 15
4d
What is 1 (base 5) in base 6?
1
What is 1 (base 2) in base 16?
1
What is 62 (base 16) in base 3?
10122
What is 10 (base 3) in base 10?
3
-9a (base 12) to base 15
-7d
-76 (base 8) to base 3
-2022
What is -441 (base 5) in base 8?
-171
-12 (base 16) to base 4
-102
30 (base 8) to base 12
20
Convert 3 (base 4) to base 3.
10
What is 3 (base 13) in base 14?
3
What is 82 (base 12) in base 10?
98
-14 (base 7) to base 14
-b
What is -2 (base 16) in base 8?
-2
What is -100101 (base 2) in base 5?
-122
What is -110 (base 3) in base 4?
-30
1104 (base 5) to base 14
b0
What is -b8 (base 16) in base 10?
-184
Convert -4 (base 9) to base 8.
-4
What is -15 (base 11) in base 2?
-10000
What is 54 (base 12) in base 2?
1000000
What is -31 (base 11) in base 12?
-2a
What is -32 (base 4) in base 7?
-20
114 (base 9) to base 15
64
What is -302 (base 4) in base 12?
-42
Convert 26 (base 10) to base 2.
11010
-167 (base 11) to base 13
-11c
What is 9 (base 13) in base 3?
100
-11011 (base 3) to base 7
-220
Convert 10 (base 7) to base 9.
7
Convert -157 (base 10) to base 14.
-b3
What is -34 (base 5) in base 11?
-18
What is 640 (base 8) in base 16?
1a0
What is -53 (base 7) in base 2?
-100110
Convert 11001 (base 2) to base 12.
21
Convert -116 (base 9) to base 4.
-1200
37 (base 9) to base 2
100010
What is -13 (base 15) in base 3?
-200
Convert 1 (base 5) to base 11.
1
Convert -2 (base 3) to base 9.
-2
What is -2 (base 3) in base 11?
-2
-21 (base 7) to base 15
-10
Convert 1213 (base 4) to base 16.
67
What is -189 (base 11) in base 16?
-da
Convert 3 (base 14) to base 4.
3
Convert -141 (base 5) to base 9.
-51
Convert -142 (base 7) to base 8.
-117
-ae (base 15) to base 3
-20002
What is -20 (base 6) in base 13?
-c
What is -261 (base 7) in base 4?
-2031
What is 0 (base 10) in base 16?
0
What is -35 (base 9) in base 5?
-112
-4b (base 16) to base 15
-50
502 (base 6) to base 3
20202
11 (base 3) to base 14
4
-51 (base 8) to base 2
-101001
Convert 5c (base 14) to base 15.
57
What is 15 (base 11) in base 2?
10000
Convert -8 (base 14) to base 8.
-10
Convert -121 (base 11) to base 14.
-a4
Convert -101010 (base 2) to base 9.
-46
313 (base 4) to base 12
47
Convert -84 (base 13) to base 10.
-108
Convert 20 (base 5) to base 16.
a
Convert 23 (base 13) to base 11.
27
Convert 336 (base 10) to base 8.
520
What is -5 (base 14) in base 16?
-5
Convert -34 (base 13) to base 7.
-61
What is -12 (base 14) in base 3?
-121
-37 (base 13) to base 9
-51
What is -1212 (base 3) in base 5?
-200
Convert 1101 (base 2) to base 3.
111
-77 (base 8) to base 2
-111111
What is -1 (base 9) in base 3?
-1
Convert 1 (base 13) to base 6.
1
What is -23 (base 5) in base 3?
-111
-10 (base 2) to base 5
-2
Convert 1d (base 15) to base 13.
22
What is 21 (base 3) in base 4?
13
What is 12 (base 12) in base 6?
22
What is -11 (base 16) in base 15?
-12
Convert 1c (base 15) to base 4.
123
1 (base 12) to base 15
1
What is -45 (base 15) in base 7?
-122
Convert -2 (base 12) to base 9.
-2
What is 10 (base 10) in base 11?
a
What is 4 (base 16) in base 13?
4
Convert 4 (base 5) to base 2.
100
Convert -11202 (base 3) to base 10.
-128
What is 6 (base 10) in base 12?
6
Convert -13 (base 8) to base 11.
-10
3 (base 13) to base 14
3
Convert -20 (base 16) to base 3.
-1012
Convert -13 (base 4) to base 8.
-7
What is 21 (base 3) in base 9?
7
100001 (base 2) to base 13
27
What is 101 (base 6) in base 4?
211
-10 (base 5) to base 16
-5
Convert 29 (base 10) to base 6.
45
Convert -154 (base 7) to base 15.
-5d
What is -142 (base 5) in base 10?
-47
Convert 45 (base 16) to base 14.
4d
Convert -17 (base 15) to base 8.
-26
What is 10100 (base 4) in base 14?
156
What is 140 (base 7) in base 11?
70
3 (base 15) to base 5
3
Convert 444 (base 5) to base 9.
147
What is 122 (base 3) in base 16?
11
What is 10 (base 9) in base 11?
9
What is -36 (base 12) in base 2?
-101010
-3 (base 14) to base 6
-3
-2e (base 16) to base 15
-31
7 (base 16) to base 13
7
-9 (base 14) to base 3
-100
Convert -2 (base 16) to base 6.
-2
-2 (base 9) to base 4
-2
Convert 275 (base 8) to base 3.
21000
-11 (base 3) to base 9
-4
What is 15 (base 12) in base 6?
25
What is 0 (base 4) in base 6?
0
Convert 100111 (base 2) to base 6.
103
Convert -5 (base 6) to base 13.
-5
1 (base 13) to base 14
1
-1e (base 15) to base 14
-21
b3 (base 13) to base 14
a6
Convert -68 (base 12) to base 16.
-50
0 (base 3) to base 8
0
Convert -23 (base 12) to base 11.
-25
32 (base 9) to base 8
35
2 (base 5) to base 6
2
Convert -64 (base 14) to base 13.
-6a
What is -7 (base 13) in base 4?
-13
-33 (base 16) to base 2
-110011
Convert 0 (base 3) to base 13.
0
What is -63 (base 8) in base 4?
-303
What is 1002 (base 3) in base 8?
35
Convert -1 (base 11) to base 8.
-1
What is -98 (base 14) in base 15?
-8e
Convert -1 (base 11) to base 10.
-1
What is 33 (base 5) in base 9?
20
110 (base 5) to base 14
22
Convert 78 (base 10) to base 14.
58
a (base 11) to base 9
11
Convert -135 (base 7) to base 6.
-203
11 (base 2) to base 10
3
What is -11 (base 7) in base 13?
-8
311 (base 4) to base 3
1222
Convert -